t of 152469318?
9
What is the ten millions digit of 89687902?
8
What is the hundred thousands digit of 60744567?
7
What is the hundreds digit of 1259519340?
3
What is the hundred thousands digit of 26279786?
2
What is the ten thousands digit of 16772212?
7
What is the tens digit of 73076636?
3
What is the millions digit of 11859033?
1
What is the hundreds digit of 34299523?
5
What is the thousands digit of 89352606?
2
What is the hundred millions digit of 5295663967?
2
What is the thousands digit of 143287902?
7
What is the millions digit of 11017358?
1
What is the units digit of 422823216?
6
What is the ten millions digit of 1814109464?
1
What is the ten millions digit of 1506162928?
0
What is the ten thousands digit of 824816016?
1
What is the hundreds digit of 744245850?
8
What is the ten thousands digit of 2394319851?
1
What is the hundred thousands digit of 5711134046?
1
What is the units digit of 363892927?
7
What is the thousands digit of 5576613086?
3
What is the tens digit of 1021665312?
1
What is the units digit of 28192219?
9
What is the tens digit of 22879796?
9
What is the ten millions digit of 94340215?
9
What is the tens digit of 482252424?
2
What is the hundreds digit of 66987593?
5
What is the billions digit of 5611491795?
5
What is the tens digit of 2027899182?
8
What is the hundreds digit of 3051700319?
3
What is the thousands digit of 92972939?
2
What is the tens digit of 83275321?
2
What is the thousands digit of 8346988?
6
What is the ten thousands digit of 20260884?
6
What is the millions digit of 662765072?
2
What is the billions digit of 3575296679?
3
What is the ten thousands digit of 811590627?
9
What is the hundred thousands digit of 87052002?
0
What is the hundred thousands digit of 18398182?
3
What is the hundreds digit of 71271421?
4
What is the millions digit of 2123255411?
3
What is the hundred thousands digit of 1936902152?
9
What is the tens digit of 57954793?
9
What is the tens digit of 24289168?
6
What is the hundreds digit of 4930521378?
3
What is the millions digit of 61674600?
1
What is the tens digit of 1356917680?
8
What is the units digit of 85225908?
8
What is the tens digit of 3478897?
9
What is the ten millions digit of 456148578?
5
What is the ten thousands digit of 988732163?
3
What is the thousands digit of 108668898?
8
What is the ten millions digit of 27485131?
2
What is the millions digit of 4464414859?
4
What is the hundreds digit of 51836453?
4
What is the tens digit of 466718501?
0
What is the units digit of 3253515172?
2
What is the hundreds digit of 646227293?
2
What is the tens digit of 1017993156?
5
What is the ten millions digit of 3181551490?
8
What is the hundreds digit of 1313705799?
7
What is the hundreds digit of 258786873?
8
What is the hundred thousands digit of 17697607?
6
What is the tens digit of 2350049799?
9
What is the millions digit of 234667491?
4
What is the thousands digit of 43929196?
9
What is the hundreds digit of 283500582?
5
What is the ten thousands digit of 117547289?
4
What is the millions digit of 413033415?
3
What is the hundreds digit of 2067016?
0
What is the thousands digit of 965228275?
8
What is the thousands digit of 58635460?
5
What is the tens digit of 5034576081?
8
What is the hundreds digit of 375736985?
9
What is the units digit of 2606652078?
8
What is the units digit of 3419611127?
7
What is the ten millions digit of 487106879?
8
What is the millions digit of 60096821?
0
What is the ten thousands digit of 796804280?
0
What is the millions digit of 284312843?
4
What is the thousands digit of 1045028957?
8
What is the units digit of 46939510?
0
What is the tens digit of 89878671?
7
What is the thousands digit of 1933782902?
2
What is the ten thousands digit of 35931863?
3
What is the ten thousands digit of 3662589421?
8
What is the ten millions digit of 354798995?
5
What is the hundred thousands digit of 84016277?
0
What is the thousands digit of 320191238?
1
What is the ten thousands digit of 159296537?
9
What is the hundred millions digit of 1024416046?
0
What is the ten thousands digit of 11138585?
3
What is the ten thousands digit of 61633364?
3
What is the millions digit of 1155785032?
5
What is the thousands digit of 58614009?
4
What is the thousands digit of 3225040328?
0
What is the billions digit of 8251116836?
8
What is the ten thousands digit of 1333932400?
3
What is the millions digit of 3765437435?
5
What is the units digit of 1430958186?
6
What is the ten millions digit of 760919064?
6
What is the millions digit of 231457505?
1
What is the units digit of 11669433?
3
What is the hundred millions digit of 119756127?
1
What is the tens digit of 83234883?
8
What is the ten millions digit of 2799999509?
9
What is the hundred thousands digit of 1086650041?
6
What is the hundred thousands digit of 168263164?
2
What is the hundreds digit of 11305245?
2
What is the ten millions digit of 766284233?
6
What is the hundred thousands digit of 148449265?
4
What is the hundred thousands digit of 2595866744?
8
What is the millions digit of 40245733?
0
What is the hundred thousands digit of 3192050148?
0
What is the billions digit of 2906741297?
2
What is the tens digit of 290493424?
2
What is the tens digit of 357057042?
4
What is the units digit of 15590574?
4
What is the thousands digit of 3645416700?
6
What is the hundreds digit of 76884669?
6
What is the millions digit of 79832272?
9
What is the tens digit of 983655928?
2
What is the hundreds digit of 156608156?
1
What is the ten thousands digit of 290092748?
9
What is the units digit of 358163727?
7
What is the units digit of 8691385?
5
What is the thousands digit of 34136463?
6
What is the ten millions digit of 164814778?
6
What is the millions digit of 212454597?
2
What is the units digit of 42402404?
4
What is the tens digit of 856455301?
0
What is the billions digit of 8899433054?
8
What is the thousands digit of 2252655903?
5
What is the units digit of 550734704?
4
What is the thousands digit of 136244942?
4
What is the billions digit of 2401827569?
2
What is the thousands digit of 100194981?
4
What is the units digit of 4516552745?
5
What is the thousands digit of 126949866?
9
What is the ten thousands digit of 100502933?
0
What is the tens digit of 1169759686?
8
What is the thousands digit of 154009324?
9
What is the thousands digit of 84795361?
5
What is the millions digit of 249008331?
9
What is the thousands digit of 109350418?
0
What is the millions digit of 1204327106?
4
What is the ten thousands digit of 294741776?
4
What is the ten millions digit of 271063085?
7
What is the ten thousands digit of 1518030624?
3
What is the ten millions digit of 20465285?
2
What is the units digit of 261680352?
2
What is the hundred millions digit of 338563189?
3
What is the tens digit of 33113180?
8
What is the hundred millions digit of 131088284?
1
What is the ten thousands digit of 185293679?
9
What is the ten thousands digit of 117869852?
6
What is the units digit of 301262630?
0
What is the millions digit of 2667705352?
7
What is the ten thousands digit of 8479236449?
3
What is the thousands digit of 279049924?
9
What is the units digit of 1053346903?
3
What is the units digit of 59371658?
8
What is the hundreds digit of 41120706?
7
What is the hundred thousands digit of 830154971?
1
What is the millions digit of 116192687?
6
What is the ten millions digit of 62998853?
6
What is the thousands digit of 55855823?
5
What is the millions digit of 6324208?
6
What is the ten thousands digit of 369383347?
8
What is the hundred millions digit of 4407993887?
4
What is the thousands digit of 151330771?
0
What is the tens digit of 283888495?
9
What is the hundred thousands digit of 414865774?
8
What is the millions digit of 326307782?
6
What is the millions digit of 814153166?
4
What is the hundreds digit of 117959953?
9
What is the tens digit of 147912247?
4
What is the hundreds digit of 150087639?
6
What is the tens digit of 48531592?
9
What is the ten thousands digit of 103032649?
3
What is the hundred thousands digit of 530391352?
3
What is the thousands digit of 191791759?
1
What is the hundred millions digit of 796239284?
7
What is the ten millions digit of 819546738?
1
What is the hundred milli